c be (99/(-9))/(-11)*-4. Determine p(c).
-27
Let t(g) be the third derivative of g**7/5040 + g**6/45 + g**5/60 - g**4 + 2*g**2 - 3. Let j(z) be the third derivative of t(z). What is j(-11)?
5
Let o(w) = 2861*w + 2884*w - 8623*w + 2799*w + 9. Determine o(-1).
88
Suppose 112 = -n - 2*u, 5*n + 2*u + 520 = -0*u. Let c = -79 - n. Let d(l) = 11*l - c*l - 1 + 10*l - l**2. Determine d(-1).
0
Let m(d) = -4 - 8 + 1 + 358*d**2 + 367*d**2 - 727*d**2 - 12*d. Give m(-8).
-43
Let x be ((-462)/10)/(19/95). Let w = x - -226. Let a(s) = s - 4. Calculate a(w).
-9
Let f(q) = 317664*q**2 - 158829*q**2 - 1 - 158839*q**2 - 4*q. Let b(t) = -t + 6. Let p be b(3). Let m = p + -6. Give f(m).
-25
Let c(l) = -22*l**2 - 12*l + 1. Let m = 194 - 188. Let z(i) = 2*i. Let k(x) = m*z(x) + c(x). Give k(-1).
-21
Let g(u) = u - 71. Let h = -12895 + 12931. Give g(h).
-35
Let b(n) = 2*n**3 - 18*n**2 + 21*n - 12. Suppose -3*v = 12, 6*v - 21 = -5*h + 5*v. Let i(u) = u**3 - 9*u**2 + 11*u - 6. Let l(c) = h*i(c) - 3*b(c). Give l(8).
6
Let p = 113 + -55. Let g = p - 52. Let s(o) = o + 1. What is s(g)?
7
Let i(d) = -87*d - 93. Let q(p) = 417*p + 468. Let r(u) = 24*i(u) + 5*q(u). Give r(36).
0
Let h(d) = d**3 + 6*d**2 - 8*d - 1. Let w be (-9)/12*(3 + -7). Let u(o) = -6*o**2 + o - w*o**2 + 5*o**2 + 3*o**2 - 1. Let n be u(3). Calculate h(n).
6
Let m(p) = p**3 + 16*p**2 - 17*p + 14. Let v be m(-17). Let x be (-34)/(-119) + -1 + 52/v. Let l = 4 - x. Let d(b) = 8*b - 1. Calculate d(l).
7
Let i(h) be the first derivative of h**2/2 + h + 1. Let k be (-20)/(-150) - (-140)/75. Suppose 2*n - 5*v + k = 0, -6*n - 57 = -11*n - 3*v. Calculate i(n).
10
Let t(q) = 29*q**3 + q**2 - 6*q + 2. Let h be t(2). Let x(o) = 2*o + 112 - h + 112. Calculate x(-2).
-6
Let l(z) be the third derivative of 0*z - 7/60*z**5 + 3/2*z**3 + 1/24*z**4 - 120*z**2 - 1/120*z**6 + 0. Calculate l(-7).
2
Let g(t) = 265 + 142 + 1357*t - 1382*t. Determine g(16).
7
Let l(j) = -j**2 + 2*j - 4. Let o(x) = -x**3 - 4*x**2 - 4*x + 2. Let z be o(-3). Suppose 3*n - 13 = -4*c - 2, 5*n = z. Suppose 0 = c*i - 4 - 4. What is l(i)?
-12
Let h(y) = 181*y**2 - 186*y**2 + 34 + 19*y - 39 + 131*y. Give h(30).
-5
Suppose 3*a = 12 + 3. Suppose 30 = -0*o + a*o. Let b(l) = 5 + l**2 + l**3 + 0*l**2 + 0 - 6*l**2 + 21*l - 30*l. Determine b(o).
-13
Let t = -4 + 3. Let v(c) be the third derivative of 1/20*c**6 + 0 + 1/6*c**3 + 1/12*c**4 + 1/30*c**5 + 40*c**2 + 0*c. Determine v(t).
-5
Let u(z) = -z**3 + 36*z**2 + 38*z + 90. Let t(h) = -h**3 + 36*h**2 + 37*h + 87. Let l(a) = 3*t(a) - 2*u(a). Let w be l(37). Let c(v) = -5*v - 1. Determine c(w).
-36
Let p(y) = -y**3 + 12*y**2 + 2*y - 5. Let z = -2278 - -2290. Give p(z).
19
Let w(g) be the second derivative of -5*g**4/4 + g**3/2 + g**2/2 - 32*g - 55. Give w(-1).
-17
Suppose -3*s + 3*t - 138 = 0, 2*s - 3*t + 89 = -0*s. Let w be (-1)/(-6 + (-301)/s). Let v(k) = k**2 + 5*k - 8. What is v(w)?
6
Let p(j) = 2*j**2 + 16*j + 5. Let d be p(-8). Suppose -k + 4 = 5*v, 2*v - 20 = -0*v - d*k. Suppose v = 2*a + 5*a - 21. Let b(w) = 10*w - 2. Give b(a).
28
Let q(h) be the second derivative of -h**4/12 - 5*h**3/6 + h**2/2 + 16*h. Let a = -5380 - -5375. Calculate q(a).
1
Let x = -1312 + 1306. Let w(m) = -m**3 - 7*m**2 - 6*m - 2. Give w(x).
-2
Let b = 0 + -8. Let k be (2/(-4))/(4/b). Let x(h) be the first derivative of -2*h**2 - h - 617. What is x(k)?
-5
Let f(r) = 49*r**3 - 3*r**2 + 3*r - 1. Let s be f(1). Let g = 56 - s. Let t(x) = -x**2 + 8*x - 3. Determine t(g).
-3
Let p(b) be the third derivative of -b**6/120 + b**5/15 + b**4/24 - b**3/6 - 2*b**2. Let v(d) = -7576*d - 15150. Let w be v(-2). Give p(w).
9
Let c(i) be the second derivative of 1/2*i**3 + 0 - 1/12*i**4 + i**2 + 92*i. Give c(3).
2
Suppose -3*i = -5*i + k + 257, 402 = 3*i + 4*k. Let m = -136 + i. Let d(j) = -j - 4. What is d(m)?
2
Let t(z) be the third derivative of -1/10*z**6 + 0*z**4 - 1/6*z**3 + 0*z**5 + 0 + 36*z**2 - 3*z. Determine t(1).
-13
Let r(j) be the first derivative of j**3/3 - 8*j**2 + 29*j + 2640. What is r(0)?
29
Let j(g) be the third derivative of 19*g**4/24 + g**3/6 - 16*g**2 - 3. What is j(1)?
20
Let z(w) be the second derivative of w**4/12 + 2*w**3/3 + w**2/2 - w. Suppose 102*n = 110*n - 176. Suppose -d - 4 = 4*i, -i - 36*d = -41*d + n. Calculate z(i).
-3
Let g(d) = -19*d - 5. Let l be g(-3). Suppose 2*i = -l*i - 270. Let o(y) = 3*y + 16. What is o(i)?
1
Let x(h) be the third derivative of 2*h**3 + h**2 + 55 - 1/12*h**4 + 2/15*h**5 + 0*h - 1/120*h**6. Give x(8).
-4
Let u(f) = -2*f - 6. Suppose -4*k = -5*o - 20 + 181, -5*o + 2*k + 163 = 0. Suppose -7*m + 5 = o. Determine u(m).
2
Let z = -218 + 232. Let q(d) = -18*d**2 - 11*d + z*d**2 + 18*d - d**3 + 4. Give q(-5).
-6
Let g(f) = 2*f**3 - 34*f**2 - 32*f - 47. Let v be g(18). Let u(b) = -172 + v*b**3 + 5*b + 171 - 24*b**3 - 8*b**2. Give u(4).
-45
Let q(r) = r - 17. Suppose 2*u - 3*t - 32 = 0, 5*t + 9 = 9*u - 8*u. Determine q(u).
2
Let i(r) = r**3 - 4*r**2 - 4*r + 4. Let x(s) = s. Suppose -4 = -w, 2*z - 6*z = w + 124. Let j = -33 - z. Let d(h) = j*i(h) - 4*x(h). Determine d(4).
-4
Let x(y) = 5*y + 28. Let u be x(-5). Suppose 0 = -3*l - 2*w + 10, 4*l + u*w - 2*w = 20. Let r(s) = s**3 - 6*s**2 + s. Determine r(l).
6
Let y(u) = -u**3 - 7*u**2 - 6*u - 9. Let b(k) = 10*k**2 - 3*k - 1. Let n be b(-2). Let f be 28/(-21)*n/(-6). Let i be (-12)/(-30) + (-64)/f. Determine y(i).
-9
Suppose -n + s + 0*s + 3 = 0, 2*s = 2. Let p(k) be the second derivative of 5/12*k**4 + 0 + 5/2*k**2 + 5*k - 1/20*k**5 - 5/6*k**3. What is p(n)?
1
Let s(z) = 14*z**2 - 41*z**2 + z + 22*z**2. Calculate s(-2).
-22
Let q(j) = 2*j**2 - 20 + 8*j - 3*j**2 + 11. Let f = -126 + 142. Suppose -v = -f*v + 90. What is q(v)?
3
Let o(d) = -9*d + 31. Let m be 2/((210/36)/5 - 4/6). Give o(m).
-5
Let u = 6479 + -6449. Let y(s) be the second derivative of 5/2*s**2 + 5/3*s**3 + 0 - u*s + 1/12*s**4. Give y(-8).
-11
Let f(l) = -2*l**2 - 24 - 604624*l**3 + 604625*l**3 - 6*l**2 + 12*l. Determine f(7).
11
Let y(l) = l**3 + l**2 - 2. Let i(a) = -2*a**2 + 42*a - 10. Let d be i(20). Suppose -20*b = -10*b + d. Calculate y(b).
-20
Let s(c) = 6 - 8 - 4 + 7. Let b(w) = -w + 6. Let p(h) = -b(h) + 3*s(h). Calculate p(0).
-3
Suppose 13*g - 120 = 3*g. Suppose d = -2*y - 3, 0 = 4*y - 4*d - 0 - g. Suppose y = l - 4 + 9. Let z(k) = -k**3 - 5*k**2 - 3*k - 5. Calculate z(l).
10
Suppose 5*o = -2*h - 3*h - 15, -4*h = -3*o + 5. Let u(g) be the third derivative of g**6/30 + g**5/30 + g**4/12 + g**3/3 + 20*g**2 - g. Calculate u(h).
-26
Let m(z) = -6*z + 9. Let d(o) = 24*o**2 - 578*o + 48. Let b be d(24). Calculate m(b).
9
Let h(j) be the second derivative of -j**5/60 + j**3/3 - j**2 - 10*j. Let l(c) be the second derivative of h(c). Calculate l(-1).
2
Let q(b) = -16*b**2 - 5*b + 6. Let s(o) = -47*o**2 - 14*o + 17. Suppose t = 7*t + 36. Suppose -18*l = -396 + 90. Let x(w) = l*q(w) + t*s(w). Determine x(1).
9
Let m(s) = -s**3 - 3*s**2 - s. Let i be (1*-2 - -8) + (-2 - -4). Suppose 4*p = -5*x + 260, -134 = -3*x - i*p + 10*p. Let k = x + -49. Calculate m(k).
-1
Let o(x) = x**3 + 6*x**2 - 116*x - 612. Let g be o(-5). Let d(k) = -k**2 - 7*k - 7. Determine d(g).
-7
Let k = 135 + -124. Let h(n) = -15 + 6 + k - 3*n + 2. What is h(0)?
4
Let r(l) = l. Suppose -3*a - 3*d = -13 - 14, -9 = -5*a + 4*d. Suppose -5*n + 4*o = -26, 0 = -n - 4*o + a*o + 6. Let f be -2*50/20*n/(-10). Give r(f).
1
Let v(m) = -9*m**2 + 1142*m + 114. Let i be v(127). Let t(u) = -u - 43. What is t(i)?
-30
Let w(s) = -2*s + 4. Let n(z) = -3*z**3 + 4*z + 3. Let o = -36 - -35. Let d be n(o). Give w(d).
0
Suppose m + 4 - 2 = 0. Let f(k) = -1738*k - 28472*k**2 + 28471*k**2 + 1740*k + k**3. Calculate f(m).
-16
Let r be 100 + -6 + (-15)/(-5). Let o(p) = 5*p**2 - 4 + r*p + 5 - 100*p. Let w(n) = n**3 + n + 2. Let i be w(0). Determine o(i).
15
Let y(m) = m**2 + 4*m + 3. Let z(q) = q**2 - 6*q - 13. Let s be z(8). Suppose s*h - 24 - 1 = 4*c, -4*c - 7 = 3*h. Let f be (-27)/h + (-9)/12*-4. What is y(f)?
15
Let l = 17 + -15. Let j(m) = m**2 + 3*m - 3. Let p(d) = d**2 + 6*d - 6. Let f = 87 + -94. Let x(o) = f*j(o) + 3*p(o). Determine x(l).
-19
Let l(f) be the third derivative of 0 + 1/15*f**5 + 1/24*f**4 + 1/2*f**3 + 0*f - 1/120*f**6 - 2*f**2. Let p = -1258 - -1262. Give l(p).
7
Let a(s) = 4 + 29*s**2 + s + 3*s - 19*s**2. Let t(h) = 7*h*